85)?
20
Evaluate 32 + 21 + -74 - (-85 - -2).
62
What is the value of (0 - -2) + -5 - (86 - 92 - (-30 - 3))?
-30
Evaluate -3 + (9 - 1 - 9 - -7) + 3 + 10.
16
-11 - (27 - (5 + (10 - 5)))
-28
What is the value of (-10 - -1) + (-13 + 49 - 81)?
-54
Evaluate -50 - (55 - 109) - (0 - -1 - -2).
1
(-15 + 15 - (-73 + 1) - -10) + (10 - 4)
88
-24 + (-28 - (-51 + -36))
35
What is the value of 47 + -46 - -43 - 12?
32
What is the value of -39 + (-44 - -119) - (-20 - -23 - (-12 + 1))?
22
Calculate 124 + -111 + -142 + 99.
-30
Calculate 42 + 49 + -157 + 42.
-24
Evaluate (27 - 39) + (-2 - -10 - 7).
-11
Calculate -22 + (24 - 6) + 5 + 8 + -6.
3
Evaluate (-170 - 1) + -6198 + 6240.
-129
Calculate (19 - (-28 - 1) - 29) + 9.
28
What is 68 + -5 + (446 - 470)?
39
5 + (3 + -2 - (18 + (15 - 0)))
-27
Evaluate 1 - 22 - (-33 - 187 - -198).
1
(-1 - (92 + 0)) + -39 + (52 - 3)
-83
Evaluate 3239 + -3352 + 36 + 2.
-75
What is the value of -87 - (-183 + 43 + -17)?
70
What is the value of 0 - -11 - (53 - (92 - (53 - 84)))?
81
Evaluate (35 - (6 - (-100 - -57))) + (122 - -1).
109
What is (91 - 25) + 6 - 35?
37
Calculate 40 - (-15 - 1 - 18) - -7.
81
-8 + 8 + (23 - 17) - -41
47
What is (13 - (2 + -1)) + 0 + -2 - (-16128 - -16085)?
53
What is -84 - (-137 - -64) - -86?
75
-73 + 28 + 118 + -8 - (-12 - -1)
76
-1 + 23 + -33 + 17 + -10 + 14
10
Evaluate -21 + (-16 - -19) + 1 + -30.
-47
What is -7 + 0 - 3 - (5 - (2 - 32))?
-45
What is the value of 8 + 8 - (21 + -2) - 24?
-27
-1 - (-1 + (11 - -4) - -15 - -1)
-31
What is the value of -2 + 16 + (-3 + -9 - 25)?
-23
What is 13 - -1 - (-41 + (37 - 18))?
36
What is -113 + (31 - 37) + 35?
-84
Evaluate (3 - 16 - -9) + 4 + 0 + -7.
-7
Calculate 394 - 468 - (7 + -136).
55
What is the value of (18 - 12 - -19) + (9 - 2) + -3?
29
Calculate (-2 - 1) + -30 + (8 - -3).
-22
What is the value of 29 + (-86 - -106) + -5 + -3?
41
What is the value of (4 + 2 - (7 - -3)) + -5 + (-45 - -65)?
11
(-1 - 6) + (-6 - (-2 - 15)) + -6
-2
-91 - (12 + -18 - (2 - 10 - (-4 + 11)))
-100
What is the value of (16 - -40) + (-72 - -33)?
17
57 - ((-17 - 18) + 81) - -6
17
Evaluate (58 - -3) + (-121 - -92).
32
What is -12 - (-21 + 9 - (22 - 17)) - -1?
6
-25 - (-32 - -86 - 38)
-41
Calculate (16 - 8) + (124 + -114 - (-1 - 2)).
21
What is the value of (-20 + 25 - 5) + 15?
15
What is the value of (-102 - -60) + 31 + (0 - (-66 - -3))?
52
What is 1594 + -1593 - (2 - 12)?
11
Evaluate (-25 - -13) + -15 + 69 + -15.
27
Evaluate 72 + -14 + (-105 - -51).
4
Calculate (101 - (68 + 64)) + -42 + 4.
-69
What is 19 + (159 - 220) - (1 - -16)?
-59
Evaluate 12 + -17 + -29 + 29 - -10.
5
What is 31 - -7 - -115 - 87?
66
Calculate 18 - (21 + -35 + 85 - (6 + -1)).
-48
-29 - ((65 - 33) + -5 - 29)
-27
What is the value of 3 + (19 - 23) + -36 + 20 + -5?
-22
What is the value of (57 - 63 - -14) + 33?
41
What is the value of (-3 + 6 + -15 - (-8 + -16 - -6)) + -3?
3
What is 131 + 1 - (7 + (-87 - -108) + -23 + 4)?
123
What is (77 - 22) + (-4 + (6 - 2) + 1 - 5)?
51
What is the value of (0 + (-4 - -135) - -4) + (-127 - -5 - -113)?
126
What is the value of (-15 - (3 + -33)) + (-2 - -1 - (-39 + 31))?
22
What is 48 + (-113 - 79) + 36?
-108
Calculate 98 - (-19 + 77 + -3).
43
What is the value of (5 - (5 + -52 + 5)) + (-15 + 5 - -4)?
41
-80 + -8 - (-1592 - -1490)
14
What is the value of ((10 - 7) + 15 - (-43 + 67)) + 62?
56
(-2 - 18) + -18 + 58 + -50 + 47
17
What is 18 + (-1 - 2) + 30 + -4?
41
39 + -16 + -29 + 3 - -56
53
What is the value of 1563 + -1528 - (177 - (6 + 1))?
-135
What is -8 + (-7 - 2 - (-19 - -52 - 37))?
-13
-1 + 16 - ((15 - 66) + 44)
22
What is the value of -6 + (18 - (-15 - -19)) + (-61 - 9)?
-62
Calculate 1 + (-37 + 10 - -6) + -38.
-58
-36 + ((-48 - 49) + 77 - (-1 + 4))
-59
What is the value of -18 + (23 - 5) + -3 + (11 - -2)?
10
Evaluate -28 + (33 - -24) + -12 - 19.
-2
Calculate 96 + (-7 - 66) - -31.
54
What is the value of 41 + (-11 - (-22 + 18 + 18 + -14))?
30
Calculate 5 + (136 - 27) - 29.
85
What is the value of 12 + (-8 + 16 - 13) + (-61 - -68) + -66?
-52
Evaluate (-3 - -9 - 1) + (-20 - (36 + 1)).
-52
What is (70 - 21) + -34 + 64?
79
Calculate -33 - (-139 - (-83 + 32)).
55
Evaluate 115 + (-3 - (9 + (-13 - (-6 + -17 + 11)))).
104
Calculate 34 + -41 - (-62 + (2 + -6 - -12 - 0)).
47
-5 - ((1 - 5 - 3) + 412 + -402) - 99
-107
What is the value of -36 + 51 - (-28 + 29) - -55?
69
What is the value of (-3 - (-7 - -5 - -1)) + 11 + (-18 - 47)?
-56
Evaluate -85 + (121 + -128 - (-1 + -4 + (-3 - -16))).
-100
Evaluate -45 + 37 + (-21 - 14) + 66.
23
10 - (3 + (-1 - -8 - (15 + -29 + -12)))
-26
Calculate (-46 + 3 - -105 - -18) + (2 - -15).
97
What is the value of -104 - 1 - (14 + ((17 - 52) + 17 - -10))?
-111
What is the value of (-101 - -31 - -102) + (-1 - -20)?
51
What is 5 - (20 - (8 + 14 + 21 + -37))?
-9
Evaluate -36 + 26 - -53 - 34.
9
Evaluate -142 - (31 - ((40 - 2) + 14)).
-121
What is the value of 18 + -14 + (17 + 9 - 16) + -80?
-66
What is -35 - (-37 + 93) - -33?
-58
Calculate (-28 - -6) + -155 + 193.
16
-74 - (-33 - -40) - (-2 - ((3 - 2) + 11))
-67
Evaluate 28 + (24 - (15 + (9 - 19))).
47
What is the value of 23 + -14 + 2 + -1 - (50 - 2)?
-38
Evaluate (-912 - -936) + (4 + -78 - 1).
-51
Evaluate 1 - 146 - (24 + (-8 - 2) + -34).
-125
Evaluate -13 + (32 + -8 - 42) + -1 + 0.
-32
What is the value of 41 + (17 - 40) - -40?
58
What is the value of 76 + -9 + (3 + -12 - (21 + 13 + -47))?
71
Calculate 8 + (-28 - -112) - 153.
-61
-67 + (17 - 28 - -2) + -4
-80
-65 - 2 - (-16 - (40 + 21 + -88))
-78
Evaluate -37 - (-5 + 9) - -29.
-12
What is 63 + -3 + -14 + -5 + 5?
46
What is (-12 - -95) + (-33 - (8 + (13 - 33)))?
62
Calculate 12 - (46 + (6 - (5 - -1))).
-34
Calculate -9 + -6 - -23 - (4 - 5) - -39.
48
Calculate -48 + (-20 - (-56 + 56)) + (-3 - -6).
-65
Evaluate -123 - -4 - (161 + -257 + 76).
-99
Evaluate (-17 - 2 - -12) + (3 - 3).
-7
Evaluate (-187 - -198) + (14 - 18).
7
Calculate -76 - ((870 - 882) + 2 + (2 - (-1 - 2))).
-71
107 + -11 - 52 - 85
-41
-7 + 1 - (134 - 100) - -30
-10
Evaluate 105 + (32 - 5 - 97).
35
Calculate 2 + 48 - (-2859 - -2948).
-39
Calculate -1111 - -1063 - (-107 + 0).
59
-8 - -6 - (-20 - -26) - (74 - (-6 - 0))
-88
Calculate 20 + (1 + -18 + 17 - -57 - 8).
69
Calculate 5804 + -5914 - (2 - 98).
-14
-7 - (5 - 52) - (121 + -88)
7
Calculate -96 - -56 - (-7 + -5 + 37).
-65
Evaluate (7 - ((-5 - -3 - -8) + -4)) + 38.
43
Calculate -67 + 47 + 61 - 23.
18
What is (31 + 32 - 55) + (4 - (-29 - -4))?
37
Evaluate -11 + (12 + 3 + -6 - (1327 + -1422)).
93
Calculate -2 + 2 + -2 + (-553 - -512).
-43
What is the value of -829 - -834 - (4 - 2 - 3)?
6
Calculate (1 - -2) + 40 + -28 + 29 + -21.
23
Calculate (35 - (4 - -103)) + 31.
-41
What is 32404 + -32537 - (-29 - 0)?
-104
What is -11 + 5 + -17 + 18 + -18?
-23
Evaluate 5 + 33 + -102 + 17 - (1 + 0 + 6).
-54
-27 + (-31 - (-21 - 9))
-28
What is the value of 15 - (34 - 53 - -89 - 14)?
-41
Evaluate 66 - (31 + (41 + -15 - 42)).
51
(1 - -21 - 14) + 5
13
Calculate 61 + -89 + (1 - -16).
-11
What is the value of 14 + -2 + 12 + -37 - (-152 - -3)?
136
Calculate (-6 - (-9 - (-11 + 11))) + (-16 - -14 - -88).
89
33 - (15 + 21 - 54)
51
What is the value of -7 + (10 + 30 - 30) + (-2 - 47)?
-46
(51 - 18) + (-7 - -39) - 45
20
What is 85 + -41 + -32 + 39?
51
Calculate 51 - (-48 - -86 - 37).
50
What is the value of 41 + (-181 - -232 - (4 + 19))?
69
Evaluate 1 + (-11 - (17 - 26 - 12)) + -127.
-116
What is the value of 25 + (-2 + 7 + 1 - (-213 + 208))?
36
What is the value of 17 + -37 + -74 - (-11 + 6 + 5)?
-94
Calculate -7 + (22 - -3 - 38) + 22.
2
What is -39 + (142 - 137) + -3 + 19?
-18
Evaluate 2 + (-45 - -6) + 47.
10
What is -60 + (7 - 62) + 73?
-42
-171 - -137 - -173 - 83
56
What is -70 - (-35 + -32 + 65)?
-68
3 + -49 + (51 - 21 - 11) - -4
-23
Calculate (-4 - (-10 - -10)) + -1 - 0 - (2 + -61).
54
What is (22 - -42 - 16) + -23 + -76?
-51
Evaluate (10 + 18 - 98) + 20.
-50
Calculate -24 + -1 + (-18319 - -18471).
127
-3 - (70 - (-19 - (-12 + -18)))
-62
What is the value of -147 + 147 - (-9 - -35)?
-26
What is the value of -921 + 916 + -8 + (-2 - 0 - -4) + 75?
64
(9 - -9) + -39 + (-14 - -9)
-26
69 - (18 + (81 + -88 - (4 - -12)))
74
What is the value of 5 - 7 - ((0 - 109) + 13 + -27)?
121
Calculate (-42 - ((-47 - -22) + -9)) + 1 + (-48 - 1).
-56
Calculate -4 + -2 - (-328 + 287).
35
Calculate -452 +